 44456250.
2, 3, 5, 2371
What are the prime factors of 2892614423?
109, 2003, 13249
What are the prime factors of 300019638?
2, 3, 17, 433, 6793
What are the prime factors of 210641888?
2, 37, 177907
List the prime factors of 3718571259.
3, 13, 95347981
What are the prime factors of 5006175161?
13, 179, 397, 5419
List the prime factors of 447599330.
2, 5, 47, 509, 1871
What are the prime factors of 154987790?
2, 5, 41, 378019
What are the prime factors of 13583943?
3, 55901
What are the prime factors of 192790469?
192790469
List the prime factors of 162847574.
2, 47, 1732421
List the prime factors of 1453712850.
2, 3, 5, 313, 10321
List the prime factors of 2227667782.
2, 1113833891
What are the prime factors of 2600836961?
101, 317, 81233
List the prime factors of 3660176728.
2, 13, 35194007
List the prime factors of 20032962.
2, 3, 137, 24371
List the prime factors of 262363679.
73, 107, 33589
List the prime factors of 3446459172.
2, 3, 13, 19, 129197
List the prime factors of 42624787.
61, 233, 2999
What are the prime factors of 1267059978?
2, 3, 73, 97, 9941
List the prime factors of 6790268487.
3, 127, 1193, 14939
List the prime factors of 773861670.
2, 3, 5, 2039, 4217
List the prime factors of 25507959.
3, 761, 11173
List the prime factors of 84021611.
84021611
List the prime factors of 485213522.
2, 59, 1091, 3769
List the prime factors of 1758524091.
3, 586174697
List the prime factors of 2222180599.
3719, 597521
What are the prime factors of 391789470?
2, 3, 5, 31, 421279
List the prime factors of 1219610237.
359, 3397243
List the prime factors of 43103894.
2, 19, 1134313
List the prime factors of 2115557549.
7, 23, 13140109
What are the prime factors of 3954821707?
17, 232636571
List the prime factors of 621608207.
11, 1129, 50053
What are the prime factors of 44755185?
3, 5, 2983679
What are the prime factors of 2010987546?
2, 3, 31, 10811761
What are the prime factors of 24879189?
3, 19, 436477
What are the prime factors of 31492877?
13, 1163, 2083
List the prime factors of 70397062.
2, 35198531
What are the prime factors of 2178621283?
61, 443, 80621
List the prime factors of 23056203.
3, 7685401
List the prime factors of 8927304.
2, 3, 371971
List the prime factors of 1599180.
2, 3, 5, 11, 2423
List the prime factors of 307605208.
2, 17, 2261803
What are the prime factors of 3859815654?
2, 3, 37, 79, 73361
What are the prime factors of 1875560893?
149, 3461, 3637
What are the prime factors of 89140631?
89140631
List the prime factors of 71113270.
2, 5, 41, 107, 1621
What are the prime factors of 1521690869?
677, 2247697
What are the prime factors of 240618723?
3, 80206241
List the prime factors of 48302470.
2, 5, 4830247
What are the prime factors of 60337359?
3, 2234717
What are the prime factors of 142475963?
7, 17, 1197277
List the prime factors of 96698948.
2, 317, 76261
List the prime factors of 938715159.
3, 19, 379, 2287
List the prime factors of 74060407.
74060407
List the prime factors of 92914564.
2, 31, 163, 4597
What are the prime factors of 23336306?
2, 7, 23, 137
List the prime factors of 180215051.
23, 7835437
List the prime factors of 171687717.
3, 19076413
What are the prime factors of 2516746823?
677, 3717499
List the prime factors of 46834310.
2, 5, 43, 108917
List the prime factors of 47287707.
3, 15762569
List the prime factors of 307337964.
2, 3, 25611497
What are the prime factors of 624597323?
7, 17, 1429, 3673
List the prime factors of 767847676.
2, 53, 71, 139, 367
List the prime factors of 4508268616.
2, 53, 10632709
List the prime factors of 154859466.
2, 3, 89, 289999
What are the prime factors of 78653702?
2, 39326851
What are the prime factors of 1298844007?
3547, 366181
What are the prime factors of 169219867?
169219867
List the prime factors of 629655834.
2, 3, 541, 193979
List the prime factors of 1399404867.
3, 7, 2053, 4637
List the prime factors of 44895323.
11, 4081393
What are the prime factors of 3555785412?
2, 3, 43, 765673
What are the prime factors of 2701427979?
3, 37, 24337189
List the prime factors of 141928357.
1319, 107603
List the prime factors of 23579801.
7, 3368543
List the prime factors of 800113073.
41, 223, 87511
List the prime factors of 1714784.
2, 41, 1307
What are the prime factors of 627479457?
3, 11, 41, 73, 6353
List the prime factors of 583810733.
11, 53073703
List the prime factors of 384179072.
2, 67, 44797
List the prime factors of 204898540.
2, 5, 7, 11, 133051
List the prime factors of 3163932966.
2, 3, 127, 4152143
List the prime factors of 293811624.
2, 3, 61, 7433
List the prime factors of 2872177938.
2, 3, 7, 59, 149, 2593
List the prime factors of 253788267.
3, 151, 560239
What are the prime factors of 555745756?
2, 83, 1673933
List the prime factors of 3331019954.
2, 71, 23457887
List the prime factors of 199823211.
3, 7, 113, 28069
List the prime factors of 79343963.
97, 817979
What are the prime factors of 167706220?
2, 5, 11, 401, 1901
What are the prime factors of 419697745?
5, 19, 89, 49639
List the prime factors of 16328426.
2, 8164213
List the prime factors of 1352186645.
5, 37, 7309117
List the prime factors of 1327503771.
3, 11, 919, 14591
What are the prime factors of 464149166?
2, 13, 463, 38557
List the prime factors of 6915022252.
2, 1728755563
What are the prime factors of 84972207?
3, 61, 197, 2357
What are the prime factors of 424660143?
3, 141553381
What are the prime factors of 363446915?
5, 13, 19, 294289
List the prime factors of 527925124.
2, 1571, 84011
List the prime factors of 104552977.
577, 181201
List the prime factors of 105826577.
83, 1275019
List the prime factors of 86952003.
3, 389, 74509
What are the prime factors of 1669872703?
19, 23, 3821219
List the prime factors of 424902892.
2, 5741, 18503
List the prime factors of 598732270.
2, 5, 431, 138917
List the prime factors of 5193873.
3, 577097
What are the prime factors of 217000834?
2, 79, 97, 14159
What are the prime factors of 125276315?
5, 17, 619, 2381
What are the prime factors of 318299250?
2, 3, 5, 389, 1091
What are the prime factors of 124863728?
2, 11, 709453
List the prime factors of 21993587.
7, 11, 285631
What are the prime factors of 384398339?
13, 17, 1739359
What are the prime factors of 3177291632?
2, 2237, 88771
What are the prime factors of 120044333?
120044333
What are the prime factors of 221038014?
2, 3, 61, 73, 8273
What are the prime factors of 1626934745?
5, 325386949
What are the prime factors of 523835246?
2, 11, 17, 167, 8387
List the prime factors of 188905208.
2, 3221, 7331
What are the prime factors of 996844801?
29983, 33247
List the prime factors of 312542768.
2, 23, 849301
List the prime factors of 9668657.
1777, 5441
What are the prime factors of 708731544?
2, 3, 101, 292381
What are the prime factors of 860373024?
2, 3, 7, 1280317
List the prime factors of 12394146.
2, 3, 347, 5953
What are the prime factors of 36914145?
3, 5, 41, 193, 311
List the prime factors of 95115899.
191, 497989
List the prime factors of 11375976.
2, 3, 473999
What are the prime factors of 87851295?
3, 5, 7, 29, 59, 163
List the prime factors of 381007303.
17117, 22259
List the prime factors of 123827394.
2, 3, 2819, 7321
List the prime factors of 1086748495.
5, 7, 1009, 30773
What are the prime factors of 390471682?
2, 8837, 22093
List the prime factors of 325818224.
2, 43, 139, 3407
What are the prime factors of 1731531619?
179, 9673361
What are the prime factors of 712085341?
11, 17, 71, 53633
List the prime factors of 47926658.
2, 13, 853, 2161
What are the prime factors of 9188330577?
3, 4201, 729059
What are the prime factors of 2601315256?
2, 409, 795023
What are the prime factors of 2198518563?
3, 732839521
What are the prime factors of 397821685?
5, 23, 3459319
List the prime factors of 19988390.
2, 5, 1998839
List the prime factors of 465613751.
4339, 107309
List the prime factors of 561141711.
3, 13, 4796083
List the prime factors of 329560026.
2, 3, 54926671
What are the prime factors of 2162787042?
2, 3, 13, 89, 311551
List the prime factors of 346256789.
23, 15054643
List the prime factors of 1191843504.
2, 3, 2758897
List the prime factors of 58993372.
2, 31, 475753
List the prime factors of 938196749.
7, 23, 5827309
List the prime factors of 